ine y(k).
9
Let x(y) be the first derivative of y**4/4 - 5*y**3/3 - 7*y**2/2 - 6*y - 5. Calculate x(6).
-12
Let j(p) = -p**3 - 4*p**2 + 7*p - 3. Let c(k) = -k**3 - 5*k**2 + 8*k - 3. Let y(q) = -6*c(q) + 7*j(q). Determine y(3).
-9
Let p(n) = -n**3 - 4*n**2 - 4. Let u = -22 - -18. What is p(u)?
-4
Let f(n) = 6*n**2 - 10*n + 4 - 4*n**2 + 5*n. Calculate f(4).
16
Let f = 0 + 5. Let v(t) = t**3 - 6*t**2 + 6*t + 5. What is v(f)?
10
Let x(r) = -50 - 3*r - r**3 + 118 + 4*r - 59. Calculate x(0).
9
Let c(w) = -w. Let s = 21 + -20. Calculate c(s).
-1
Let y be (-2)/(-14)*0 - (1 + 1). Let t(o) = -2*o**2 + 1. Give t(y).
-7
Let l(c) = -c + 4*c - 1 - 2*c. What is l(-4)?
-5
Let i be ((-6)/(-5))/(12/30 - 0). Let u(v) = -v**2 + 3*v + 3. Calculate u(i).
3
Suppose -2*b = 3*b + 20, 4*b = 2*q - 26. Let r(g) = 5*g - 12. Let p(u) = 9*u - 23. Suppose 6 = -2*n - 8. Let a(s) = n*r(s) + 4*p(s). Give a(q).
-3
Let y be ((-1)/5 - -1)*-5. Let j(o) = -o**3 - 3*o**2 + 4*o - 2. Let b be j(y). Let f(i) = i - 2. Calculate f(b).
-4
Let q(o) = 1. Let a(j) = -j**2 + j - 3. Let f(w) = 2*a(w) + 5*q(w). What is f(1)?
-1
Let x(b) be the second derivative of b**3 + 1/12*b**4 - 7/2*b**2 + 0 - 7*b. Determine x(-6).
-7
Let c(s) = -s + 1. Let o be (-12)/66 + (-2)/(-11). Give c(o).
1
Suppose 0 = -4*s + 4*a - 5*a + 13, -5*s = 5*a - 35. Let y(t) = -1 + t + 2 - s*t. Calculate y(-4).
5
Let n = 18 + -23. Let b(o) = o**3 + 5*o**2 + 2*o + 3. Determine b(n).
-7
Suppose 13*r - 10 = 55. Let a(b) = -b**2 + 4*b + 7. Determine a(r).
2
Let v(h) be the first derivative of -h**6/120 + h**5/10 + h**4/24 - h**3/2 + 2*h**2 - 2. Let m(w) be the second derivative of v(w). What is m(6)?
3
Let v(t) = 5 + 2*t - 9*t**3 + 3*t**3 + 5*t**3 + 4*t**2. Give v(5).
-10
Let i(z) = -7*z + 2 + 5 + 12*z**2 - 5*z**2 - 8*z**2. What is i(-8)?
-1
Let v(x) = x - 1 - 5*x**2 + 0*x - x**3 - 4*x. Calculate v(-3).
-10
Let h(l) = -20*l - 23. Let t(q) be the first derivative of 7*q**2/2 + 8*q - 2. Let w(a) = -6*h(a) - 17*t(a). What is w(-5)?
-3
Let y be (-4)/10 + (-115)/25. Let u(a) = a**2 + 3*a + 3*a + 0*a**2 - 1. Calculate u(y).
-6
Let r(i) = -i**3 - 5*i**2 - 6*i - 6. Let g be 0/(3/(-3)) - -2. Let w = -6 + g. What is r(w)?
2
Let o(t) = -t**2 - 5*t - 3. Suppose 20 = -3*c + 11. Determine o(c).
3
Let d(k) = -3*k + 4. Let w(h) = h + 1. Let g(q) = -7*q - 7. Let b(i) = -g(i) - 6*w(i). Let j(s) = -2*b(s) - d(s). Calculate j(5).
-1
Let v be (-23 - -7)*(-1)/(-2). Let b = -21 + 11. Let d = v - b. Let m(x) = 2*x**2 + x - 1. What is m(d)?
9
Suppose 0 = -5*g - 12 - 28. Let n(d) = d**2 + 7*d - 7. Determine n(g).
1
Let z(j) be the second derivative of -j**3/6 - 4*j. Let w(l) = 2*l**2 - 7*l - 3. Let k be w(4). Determine z(k).
-1
Let z be (-1 - (0 - 0))*0. Suppose 3*j + z - 6 = 0. Let d(a) = a**2 + 2*a - 2. Give d(j).
6
Let b(z) = -z**2 - 2*z - 2 + 1 + z**3 - z. Suppose 5*a - 74 = 1. Let c = -17 + a. Give b(c).
-7
Let f(o) = -3*o + 4. Let k(a) = -4 + 0*a**2 + 5*a - a**3 + 3*a + 6*a**2. Let n be k(7). Let q be f(n). Let v(d) = -d**3 - 4*d**2 + 5*d - 4. Give v(q).
-4
Let u(s) = 3*s - 6*s - s + 1 + s**2 + 3*s. Calculate u(4).
13
Let z(p) = -5*p**2 + 4*p - 3 + 2 - 2*p. Determine z(1).
-4
Let o(d) = -d - 6. Suppose 2*n + 4*r - 27 = -n, 4*r = 12. Give o(n).
-11
Let w(k) = 3 + 1 + 0 - 4*k - 5. Let u = 41 - 22. Suppose -3*s - 39 = -4*f - 16, -4*f = s - u. What is w(s)?
3
Let n be (-8)/(-28) - 12/(-7). Let w = 4 - n. Let t(b) = b + b**w + 3 - 4*b + b**2. Determine t(2).
5
Let x(m) be the third derivative of m**4/24 + 4*m**3/3 + 3*m**2. Let l(r) be the second derivative of -r**4/12 - 2*r**2 + 2*r. Let s be l(0). What is x(s)?
4
Let l be 2 - (-1 - 0) - -1. Suppose -2*t + l*u - 3*u + 17 = 0, 0 = 4*t + 2*u - 22. Let z(c) = 2*c - 10. Determine z(t).
4
Let u(c) = c**3 + 2*c**2 + 2*c + 3. Let s be u(-2). Let o(g) = 11*g. What is o(s)?
-11
Let v(b) = -b**3 + 7*b**2 - 6*b - 4. Let r(h) = 4*h**3 - 28*h**2 + 24*h + 15. Let c(q) = -2*r(q) - 9*v(q). What is c(6)?
6
Suppose 3*g = 2*g - 9. Let n(y) = -y**2 - 9*y + 6. Determine n(g).
6
Let p(v) = -v - 13. Let b = 5 + 1. Suppose -b*i = -2*i. What is p(i)?
-13
Let a be (-24)/(-2) + 0 + -2. Let w be 2/a - (-120)/25. Let t(x) = x**2 - 4*x. Give t(w).
5
Let i(s) = 7*s**2 + 77*s - s**3 - 6 + 0*s**3 - 69*s. What is i(8)?
-6
Let y(g) = -g**3 + 5*g**2 + g - 6. Let l(h) = 0*h - h - 5*h**2 - h**3 + 0*h**3 + 0*h. Let c be l(-5). What is y(c)?
-1
Let w be 2/(-2 + 2 + 2). Let d be -1*w + -4 + 2. Let g be 4*-3*1/d. Let i(c) = -c**3 + 4*c**2 - c + 5. Calculate i(g).
1
Let c(z) = -2*z - 4. Let u(t) = -t**3 + 7*t**2 - 6*t + 10. Let w(a) = 4*a**3 - 22*a**2 + 19*a - 31. Let y(h) = 7*u(h) + 2*w(h). Let x be y(-6). What is c(x)?
4
Let z(q) = q**2 - 9*q + 3. Let g be z(9). Let b be g*(5 + -3)/6. Let f(c) = 5*c + 4 + 2 - b - 4*c. Give f(-3).
2
Let j be 4*((-27)/12)/3. Let f = 3 - j. Let l(t) = t**3 - 5*t**2 - 5*t - 4. Give l(f).
2
Let o(w) be the second derivative of w**5/20 - 5*w**4/12 + w**3/2 + w**2/2 - w. Suppose 5*y + 0 = 20. Calculate o(y).
-3
Let c be (3/(-1))/((-6)/(-8)). Let a(x) = x**2 + 3*x + 1. What is a(c)?
5
Let w(b) = b + 3*b + 2*b - 10*b - b**2. Calculate w(-5).
-5
Let z(d) = -3*d. Let m be z(-1). Let w(q) be the third derivative of -1/60*q**5 + 1/24*q**4 - q**2 + q**m + 0 + 0*q. What is w(0)?
6
Suppose -3*f - f = -a - 13, -7 = -f + 4*a. Let x = 0 + 0. Let l(q) = 0*q + x - 4 + 4*q. Give l(f).
8
Let c(f) = -2*f**2 - 3*f - 1. Let q(m) = -m**2 - 2*m - 1. Let l(y) = 2*c(y) - 3*q(y). Give l(-3).
-8
Let n be (-1)/((4 + -5)*1/(-7)). Let k(w) = -w - 1. Determine k(n).
6
Let i(s) be the second derivative of -s**4/12 - 5*s**3/3 + 2*s**2 - 15*s. Give i(-10).
4
Let t(r) = -r**2 + r + 6. Let s be t(0). Let q(h) = s*h**3 + 1 - 2*h**3 - h**3. Let i = 3 - 4. Calculate q(i).
-2
Let i(l) = 7*l**2 - 6*l - 2. Let x(w) = -13*w**2 + 12*w + 3. Let o(z) = 11*i(z) + 6*x(z). Determine o(6).
-4
Let c be 4 + -1 + 0/(-2). Let f(h) = -3*h**3 - 6*h**2 + h**c - 6 + 3*h**3 + 5*h. Calculate f(5).
-6
Let p be 0 - (2 - 14 - 3). Let f be 9/p + 81/15. Let i(o) = -o + 3. What is i(f)?
-3
Let k(q) = -q**2 + q + 5. Let s(f) = f + 6. Let a be s(-3). Suppose 0*c + 4*c - 10 = 5*l, -2 = a*c + l. Give k(c).
5
Let k(s) = s**2 - 6*s + 6. Let l be k(4). Let y(j) = -j. Let g(v) = -1. Let q(c) = l*g(c) - y(c). Let f be q(0). Let m(r) = r - 4. Give m(f).
-2
Let r(w) = 4*w**2 - 5*w - 4. Let k(q) = -5*q**2 + 5*q + 5. Let u = 10 + -5. Let f(j) = u*k(j) + 6*r(j). Give f(-6).
-5
Let o(n) = n**3 - 2*n**2 - n + 2. Let k be o(2). Let y(a) = 2*a - a + k - 4. Give y(4).
0
Let w(t) be the first derivative of t**4/4 + t**3/3 - t**2/2 + 5*t + 1. Let j = 31 - 31. Suppose -5*a = -j*a. Calculate w(a).
5
Let x(v) = -v + 5. Let c(o) = -4*o**3 + o**2 + 3*o + 1. Let h be c(-1). What is x(h)?
2
Let v(q) be the first derivative of -q**2/2 + q + 23. Give v(-5).
6
Let o(k) = k**3 - 5*k**2 + 7*k - 6. Suppose 0 = -3*d - 5*s + 37, -3*s + 27 = 3*d - 0*s. Calculate o(d).
6
Let d be (-3)/(-2)*36/27. Let i(l) = l**d + 1 + 2*l - 4*l + 4*l. What is i(-1)?
0
Suppose 2*b - 3 = b, -3*q + 4*b = 24. Let y(t) = t**2 + 4*t - 3. Let n = -3 - -4. Let g(s) = -1. Let f(l) = n*y(l) - 4*g(l). Determine f(q).
1
Let t(k) = k + 6. Let j be t(-5). Let o(l) = -6*l + 1. Let r(x) = -8*x + 1. Let y(v) = -3*o(v) + 2*r(v). Calculate y(j).
1
Suppose 0 = -2*m + 9 - 3. Suppose 11 - 26 = -m*a. Let x(k) be the first derivative of k**2/2 - 10*k - 1. Give x(a).
-5
Let c be 30/12*1*2. Let b(g) = 2 - g**2 - 4*g - g**2 + 3*g**2 + 0*g. Give b(c).
7
Let c(l) = 3*l. Let b(j) = -j - 6. Let m be b(-8). Let o = -4 + m. Calculate c(o).
-6
Let w(m) = 3*m**3 - 6*m**2 - 3*m - 1. Let r(h) = -7*h**3 + 13*h**2 + 5*h + 3. Suppose 8*i + 10 = 13*i. Let y(f) = i*r(f) + 5*w(f). Give y(5).
1
Suppose 4*z - 1 = -13. Let g(t) = -1 + 3*t - 2*t + 2. What is g(z)?
-2
Suppose -6*c = -c - 20. Suppose 4*h - 23 = -2*u + 5, -3*u - 8 = -4*h. Let s(v) = -5*v + u*v - 1 + 4*v - 2. Determine s(c).
9
Let v(a) = -a**2 - 3*a + 6. Let x be (-2 + (-20)/(-6))*(3 + 0). What is v(x)?
-22
Suppose -7 = -3*o - 2*z, -3*o - 17 = -4*o + 3*z. Let i(a) be the third derivative of 0 - 1/4*a**4 + 1/60*a**5 - 2*a**2 + 0*a + 7/6*a**3. Determine i(o).
2
Let r(u) = -u**3 - 2*u**2 - 2*u - 1. Let a be r(-1). Let s be 3 - (a/2)/2. Let i(b) = b**2 - 3*b + 1. Calculate i(s).
1
Let a(y) = y**3 - 2*y**2 - 3*y - 2.